*m - 7*m - 20, 0 = -3*l + 5*m - 52. Let u = -12 - l. What are the prime factors of u?
2, 3
Suppose 0 = -5*z + 2*n + 21, 17 = 2*z + 3*z - 4*n. Suppose 5*b + k = 45, -26 - 19 = -z*b + 5*k. List the prime factors of b.
3
Let c(h) = -h**2 - 8*h - 7. Let a be c(-8). Let f = -2 + a. What are the prime factors of ((-18)/15)/(f/30)?
2
Suppose -11 = 2*v - 77. What are the prime factors of v?
3, 11
Let x be 6/(-30) + (-12)/15. Suppose 0*l + 2*l = 20. Let j = l - x. List the prime factors of j.
11
Let a = 8 - 5. Let p = a - -2. Suppose x - 56 = -p*h, 0 = h - 0*h + 5*x - 16. List the prime factors of h.
11
Let q = -1 + 2. Suppose -q = -s + 3. Suppose s*w - 20 = 3*v, -w + 25 = 4*w + 3*v. What are the prime factors of w?
5
Let s(p) = -20*p + 2. Let x(y) = 8*y - 1. Let n(v) = 5*s(v) + 12*x(v). Let j be (-4)/(0 - (2 + -3)). What are the prime factors of n(j)?
2, 7
Suppose 4*q = -5*s + 6*q - 295, 4*q = 5*s + 305. Let v be 2*(-2 + s/(-6)). Suppose -v = -5*t - 5. What are the prime factors of t?
2
Let j(b) = -b**3 - 7*b**2 - 6*b. Let z be j(-6). List the prime factors of z/(-8) - 37*-1.
37
What are the prime factors of (9/18)/(1/124)?
2, 31
Suppose 0 = -4*j + i - 2*i + 8, 2*j = 3*i + 4. Suppose j*d + 4 - 12 = 0. Suppose 0 = -d*q + 5*h + 29, -5*q - 3*h + 8*h + 40 = 0. List the prime factors of q.
11
Let n(o) = o**2 + 9*o + 4. Suppose 0 = -4*k - 0*b - 3*b - 36, -2*k = 3*b + 18. List the prime factors of n(k).
2
Let x = -8 + 11. Suppose c - 20 = -0*c + 2*y, 3*y = x*c - 60. List the prime factors of c.
2, 5
Let r = -14 + 8. Let o = r + 8. List the prime factors of o.
2
Suppose 0 = 4*l + 2*w + w - 820, 5*w - 1020 = -5*l. List the prime factors of l.
2, 13
Let s = 3 - 7. Let f(u) = -3*u**2 + 3*u - 1. Let q(v) = 2*v**2 - 3*v + 1. Let y(a) = -3*f(a) - 4*q(a). What are the prime factors of y(s)?
3
Suppose c - 3*c - 4 = 0. Let z be (1/c)/(2/(-64)). Suppose 9 + z = 5*i. List the prime factors of i.
5
Suppose c + 7*b - 17 = 2*b, 5*b = 2*c + 11. Let y = 17 + c. List the prime factors of y.
19
Let x(s) = s - 2. Let v(j) = -j**2 + 10*j - 1. Let d be v(8). Let g = -9 + d. What are the prime factors of x(g)?
2
Suppose -13*x + 4970 = x. List the prime factors of x.
5, 71
Let g(c) = c**3 - 4*c**2 - 5*c + 4. Suppose -2*h = -77 + 23. Suppose -4*p = -2*o - 10, 3*o + 2*p + 2 = h. What are the prime factors of g(o)?
2
Let v(b) = b - 4. Let m(s) = -s**2 - 9*s - 9. Let h be m(-7). Let d be v(h). List the prime factors of d - (15 + 0)/(-3).
2, 3
Let f = 6 + -6. Suppose -2*x - 3*x + 100 = f. What are the prime factors of x?
2, 5
Let g(m) = -m**2 + 12. Suppose h = -h + 4*y - 20, 0 = -2*h + y - 5. List the prime factors of g(h).
2, 3
Let q(h) = h**3 + 9*h**2 + 6*h + 4. List the prime factors of q(-8).
2, 5
Let t be (4/(-3))/(2/(-6)). Let y = t + -2. What are the prime factors of 3 + (-4)/y + 11?
2, 3
Let v = -1 + 17. Let y be v/6 + 2/6. What are the prime factors of 32/y + (-1)/(-3)?
11
Let h(z) = z**3 + 7*z**2 - 9*z - 5. Let k be h(-8). Let v(j) = k*j + 0*j + 1 + 1. List the prime factors of v(3).
11
What are the prime factors of -4 + 53*(4 + -3)?
7
Let u = 9 - 5. Suppose -u = y + 2*f, -4*f - 29 = 5*y + 15. List the prime factors of 9/y*4*-1.
3
Let c = 10 + -6. Suppose 0 = v + 1 - c. What are the prime factors of v?
3
Let m(z) = -3*z**3 - 4*z**2 - 8*z + 3. Let i(n) = -2*n**3 - 4*n**2 - 7*n + 3. Let s(r) = -4*i(r) + 3*m(r). Let v = 1 + 3. List the prime factors of s(v).
13
Suppose 0 = p - 23. List the prime factors of p.
23
Suppose 2*r + 174 = 4*o - 224, 5*o + r = 508. What are the prime factors of o?
101
Let o be (16/5)/((-8)/(-20)). Let i = -10 + o. What are the prime factors of i/2 + (-16)/(-2)?
7
What are the prime factors of -1 - -81 - (-3)/(-18)*6?
79
Suppose 4*f + 18 = -10. Suppose 0 = -5*j + 4*j + 11. Let y = j + f. List the prime factors of y.
2
Suppose -3*k = 1 - 4. List the prime factors of (-6)/(2/k) + 7.
2
Let f(d) = 2*d**2 - 3*d + 1. Let a be f(2). List the prime factors of 2 - (0 + a) - -3.
2
Let z(p) = -p + 5. What are the prime factors of z(-4)?
3
Suppose -4*g = -3*q - 3, 5*q = 2*g - 4*g + 21. Suppose z - q = 4. What are the prime factors of z?
7
Suppose -k - 4*k - 3*o + 45 = 0, 3*k - 33 = -3*o. List the prime factors of k.
2, 3
Let t(k) = -k**3 - 2*k**2 - 4*k - 3. Let v = -1 + 2. Let i be v - ((-4)/(-2) + 1). What are the prime factors of t(i)?
5
Let v(p) = -p**3 - 3*p**2 + 1. Suppose -q = -0*q + 5. Let o be 16/12*(q - -2). List the prime factors of v(o).
17
Let k be 6/4*(8 + -2). Let f be 2*(2 - (-1)/2). Suppose -x = f, d - 2*x = 10 + k. What are the prime factors of d?
3
Let r = 90 + -57. List the prime factors of r.
3, 11
Let p(y) = -2*y**2 - 2*y + 2. Let z(o) = o**2 - o. Let d be (1/(-3))/((-2)/(-6)). Let i(v) = d*p(v) - 3*z(v). What are the prime factors of i(4)?
2
Let g(y) = y + 20. List the prime factors of g(-10).
2, 5
Suppose -w = -5*v + 150, -2*v + 4*w - 125 = -7*v. What are the prime factors of v?
29
Let v(f) = 2*f**3 - 4*f**2 + 2*f. Let y be v(2). Let w be -2 - (-5)/(10/y). Suppose -10 = 2*x + 3*k - 43, w = -5*x - 5*k + 70. List the prime factors of x.
3
Suppose -n = 4*x + 3*n - 128, 2*n - 8 = 0. What are the prime factors of x?
2, 7
Suppose 4*c - 89 = 103. Suppose 4*x = -3*r + 61 - 24, 5*x = -4*r + c. List the prime factors of r.
7
Suppose 4*i = 3*k + 103 + 1284, 4*k = 5*i - 1733. What are the prime factors of i?
349
Let y = -11 + 10. List the prime factors of y/4*(-208)/4.
13
Suppose 5*q - 13 - 62 = 0. List the prime factors of q.
3, 5
Suppose -4 = 2*g - 3*g. Suppose -3*c - 19 = -g*c. What are the prime factors of c?
19
Let w = 49 - -51. List the prime factors of w.
2, 5
Suppose 2*n + 10 = 0, -2*q + 1345 = 3*q + 3*n. What are the prime factors of q?
2, 17
What are the prime factors of 30/8*(-4)/(-1)?
3, 5
Let t = -3 + 2. List the prime factors of 46 - (-2 + 1 + t).
2, 3
Let z = 18 - 15. What are the prime factors of z/(-2)*224/(-24)?
2, 7
List the prime factors of 5/10 + 159/6.
3
Suppose 2*h - 111 = u, h + 2*u - 264 = -4*h. List the prime factors of h.
2, 3
What are the prime factors of (-106)/8*24/(-6)?
53
Suppose 0 = -n + 4*a + 36, -3*a - 10 = 4*n - 135. Suppose -d + n = 7. What are the prime factors of d?
5
Let v(r) = 4*r**2 - 1 + r**3 + 2*r**2 + 1 - 2*r. List the prime factors of v(-6).
2, 3
Suppose 0 = -5*s - 0*s - 2*n + 17, 5*n = -4*s. Suppose -13 = -2*y - p, -4*p - 40 = -s*y + p. Let j = 19 - y. List the prime factors of j.
2, 3
Let x = -1 - 10. Let j be (1 - 2)*38/(-2). Let u = j + x. What are the prime factors of u?
2
Suppose 4*f + 142 - 1042 = 0. List the prime factors of f.
3, 5
Let m(s) = s**3 - 5*s**2 + s - 3. Let l be (-3 - 1)/1*-1. Suppose 15 = 3*i - 3*o + 2*o, -2*o = l*i - 20. List the prime factors of m(i).
2
List the prime factors of (-3)/3*(-11 + 0).
11
Suppose 2*l - 34 - 3 = 5*c, 5*l - 82 = 2*c. List the prime factors of l.
2
Let w = -5 - -5. Let m = 2 - w. Suppose f + 3*f - 42 = m*l, -3*f + 18 = 3*l. What are the prime factors of f?
3
Let s(b) = b**3 + 5*b**2 + b - 5. What are the prime factors of s(-4)?
7
Let d(i) = i + 6. Let z(s) = 1. Let h(m) = -d(m) + z(m). What are the prime factors of h(-9)?
2
Suppose i - 27 = -0*i. Suppose -p = -0*z - 4*z - 27, z + 15 = 3*p. List the prime factors of z/i + (-114)/(-27).
2
Let f = 1 + -1. Suppose -5*n = -f*n + 3*v + 25, -5*v = -3*n - 15. Let p(s) = -s - 3. List the prime factors of p(n).
2
Let d(m) = 35*m**3 - 8*m**2. Let b(x) = -12*x**3 + 3*x**2. Let t(k) = 11*b(k) + 4*d(k). Let u(h) = -h - 2. Let l be u(-3). List the prime factors of t(l).
3
Let d be 6/(-2) - (-9 - -1). Suppose d*g - 3*g = 4*w + 34, -3*g = -3*w - 51. List the prime factors of g.
17
Let y(v) = -4*v - 8. Let o(h) = -h. Let n(m) = 5*o(m) - y(m). Suppose u + 0*u = 3*g - 8, 4*u = -2*g + 24. What are the prime factors of n(g)?
2
Let h(y) = -y + 9. Let a be h(8). Let v be (-4)/(-6) - (-112)/12. Suppose -l = -a - v. What are the prime factors of l?
11
Let u = 13 + -7. Let d(l) = 5*l**2 - l**3 + 3 - 2 + l - 3 + l**2. List the prime factors of d(u).
2
Let l(k) = 4*k - 8. Let b(j) = 5*j - 8. Let t(u) = 3*b(u) - 4*l(u). List the prime factors of t(-10).
2, 3
Suppose f = -f + 28. Let d = 5 - f. List the prime factors of (-61)/d - 2/(-9).
7
Suppose -m + 44 = 5*r, -2*m + 15 = 2*r + m. What are the prime factors of r?
3
Suppose 505 - 206 = z